{"id":8,"date":"2022-07-07T15:18:03","date_gmt":"2022-07-07T15:18:03","guid":{"rendered":"https:\/\/hofsstadakirkja.is\/?page_id=8"},"modified":"2022-12-07T14:57:25","modified_gmt":"2022-12-07T14:57:25","slug":"forsida","status":"publish","type":"page","link":"https:\/\/hofsstadakirkja.is\/","title":{"rendered":"Fors\u00ed\u00f0a"},"content":{"rendered":"<style>\/*! elementor - v3.6.7 - 03-07-2022 *\/<br \/>\n.elementor-heading-title{padding:0;margin:0;line-height:1}.elementor-widget-heading .elementor-heading-title[class*=elementor-size-]>a{color:inherit;font-size:inherit;line-height:inherit}.elementor-widget-heading .elementor-heading-title.elementor-size-small{font-size:15px}.elementor-widget-heading .elementor-heading-title.elementor-size-medium{font-size:19px}.elementor-widget-heading .elementor-heading-title.elementor-size-large{font-size:29px}.elementor-widget-heading .elementor-heading-title.elementor-size-xl{font-size:39px}.elementor-widget-heading .elementor-heading-title.elementor-size-xxl{font-size:59px}<\/style>\n<h1>Hofssta\u00f0akirkja<\/h1>\n<p style=\"margin: 0cm 0cm 8pt; line-height: 15.6933px; font-size: 11pt; font-family: Calibri, sans-serif; color: #000000;\">A\u00f0 mestu er \u00f3kunnugt um kirkjubyggingar fyrri t\u00ed\u00f0ar \u00e1 Hofsst\u00f6\u00f0um.&nbsp; \u00c1ri\u00f0 1832 var reist \u00fear v\u00f6ndu\u00f0 timburkirkja me\u00f0 torfveggjum og torfi \u00e1 \u00feaki. H\u00fan st\u00f3\u00f0 \u00ed hringlaga kirkjugar\u00f0i og voru veggir hans hla\u00f0nir \u00far torfi.<\/p>\n<p style=\"margin: 0cm 0cm 8pt; line-height: 15.6933px; font-size: 11pt; font-family: Calibri, sans-serif; color: #000000;\">Daninn Dan\u00edel Bruun, sem fer\u00f0a\u00f0ist um \u00cdslands \u00e1 \u00e1runum 1896 \u2013 1910 vi\u00f0 rannsk\u00f3knir \u00edslenskra menningarminja kom \u00ed Hofssta\u00f0i \u00e1ri\u00f0 1898. Me\u00f0 honum&nbsp; \u00ed f\u00f6r var landi hans listama\u00f0urinn J\u00f3hannes Klein. Uppdr\u00e6ttir hans og lj\u00f3smyndir af kirkjunni s\u00fdna fallegt og vanda\u00f0 h\u00fas, byggt af J\u00f3ni Samsonarsyni, sem var \u00feekktasti forsmi\u00f0ur Skagfir\u00f0inga \u00e1 sinni t\u00ed\u00f0.<\/p>\n<p style=\"margin: 0cm 0cm 8pt; line-height: 15.6933px; font-size: 11pt; font-family: Calibri, sans-serif; color: #000000;\">\u00cd b\u00f3kinn \u00cdslenskt \u00fej\u00f3\u00f0l\u00edf \u00ed \u00fe\u00fasund \u00e1r, sem er \u00fe\u00fd\u00f0ing \u00far verkum Dan\u00edels Bruun segir, a\u00f0 Hofssta\u00f0akirkja hafi veri\u00f0 s\u00e9rst\u00f6k vegna skreytinga sem s\u00f6gu\u00f0 var \u00far tr\u00e9. \u00de\u00e1 voru milliger\u00f0ir \u00e1 milli k\u00f3rs og framkirkju m\u00e1la\u00f0ar, sem ekki var venja \u00feess t\u00edma. V\u00ed\u00f0im\u00fdrarkirkja \u00ed Skagafir\u00f0i fr\u00e1 \u00e1rinu 1834 er s\u00f6mu ger\u00f0ar, einnig bygg\u00f0 af J\u00f3ni Samsonarsyni. H\u00fan er \u00ed umsj\u00e1 \u00fej\u00f3\u00f0minjavar\u00f0ar, hefur var\u00f0veist \u00ed upprunalegri mynd og er enn \u00ed dag s\u00f3knarkirkja V\u00ed\u00f0im\u00fdrars\u00f3knar.<\/p>\n<p style=\"margin: 0cm 0cm 8pt; line-height: 15.6933px; font-size: 11pt; font-family: Calibri, sans-serif; color: #000000;\">\u00c1ri\u00f0 1900 v\u00edsitera\u00f0i \u00fe\u00e1verandi biskup Hallgr\u00edmur Sveinsson kirkju og s\u00f6fnu\u00f0 \u00e1 Hofsst\u00f6\u00f0um og segir kirkjuna vera a\u00f0 mestu leiti \u00f3m\u00e1la\u00f0a,\u201cl\u00edtilfj\u00f6rlega og me\u00f0 fornu sni\u00f0i,\u201c og lag\u00f0i til a\u00f0 n\u00fd kirkja yr\u00f0i bygg\u00f0. \u00c1ri\u00f0 1905 var kirkjan rifin og n\u00faverandi timburkirkja bygg\u00f0 \u00e1 sama sta\u00f0 \u00ed kirkjugar\u00f0inum.<\/p>\n<p style=\"margin: 0cm 0cm 8pt; line-height: 16.8667px; font-size: 11pt; font-family: Calibri, sans-serif; color: #000000;\">H\u00e6gt er a\u00f0 sko\u00f0a tvo p\u00edl\u00e1ra \u00far \u00feeirri kirkju (sem reist var 1832). St\u00e6rri p\u00edl\u00e1rinn BSk. 2005:8 (92,5 cm h\u00e1r og 22,5 cm brei\u00f0ur \u2013 sj\u00e1 <a style=\"color: #0563c1; text-decoration-line: underline;\" href=\"https:\/\/sarpur.is\/Adfang.aspx?AdfangID=198554\">https:\/\/sarpur.is\/Adfang.aspx?AdfangID=198554<\/a> ) er me\u00f0 gagnskorinni kringlu af bl\u00f3mteinungum \u00ed mi\u00f0ju og hj\u00f6rtum sem sn\u00faa hvort \u00e1 m\u00f3ti \u00f6\u00f0ru. Minni p\u00edl\u00e1rinn BSk. 2005:9 (77,5 cm h\u00e1r og 13,6 cm brei\u00f0ur \u2013 sj\u00e1 <a style=\"color: #0563c1; text-decoration-line: underline;\" href=\"https:\/\/sarpur.is\/Adfang.aspx?AdfangID=198555\">https:\/\/sarpur.is\/Adfang.aspx?AdfangID=198555<\/a> ) er einnig me\u00f0 hj\u00f6rtum beggja vegna spor\u00f6skjulaga mi\u00f0jukringlu sem skreytt er \u00feremur hringlaga g\u00f6tum. B\u00e1\u00f0ir eru p\u00edl\u00e1rarnir rau\u00f0m\u00e1la\u00f0ir me\u00f0 gr\u00e6num tilbrig\u00f0um. Samkv\u00e6mt teikningu Johannesar Klein fr\u00e1 1898 var h\u00e6rri p\u00edl\u00e1rinn \u00ed \u00feilinu yfir k\u00f3rdyrum en s\u00e1 l\u00e6gri \u00ed milli\u00feilinu nor\u00f0anmegin \u00ed kirkjunni.<\/p>\n<p style=\"margin: 0cm 0cm 8pt; line-height: 15.6933px; font-size: 11pt; font-family: Calibri, sans-serif; color: #000000;\">N\u00faverandi kirkja \u00e1 Hofsst\u00f6\u00f0um var bygg\u00f0 \u00e1ri\u00f0 1905 af \u00feeim br\u00e6\u00f0rum og b\u00e6ndum \u00e1 Hofsst\u00f6\u00f0um Birni og Sigur\u00f0i P\u00e9turssonum. \u00deeir erf\u00f0u j\u00f6r\u00f0ina eftir foreldra s\u00edna og bjuggu \u00e1 Hofsst\u00f6\u00f0um til \u00e1ranna 1912-1913. Yfirsmi\u00f0ur kirkjubyggingarinnar&nbsp; var J\u00f3n Bj\u00f6rnsson smi\u00f0ur fr\u00e1 Lj\u00f3tsst\u00f6\u00f0um.<\/p>\n<p style=\"margin: 0cm 0cm 8pt; line-height: 15.6933px; font-size: 11pt; font-family: Calibri, sans-serif; color: #000000;\">&nbsp;J\u00f3hannes Bj\u00f6rnsson eigna\u00f0ist h\u00e1lfan hlut f\u00f6\u00f0ur s\u00edns \u00ed j\u00f6r\u00f0inni \u00e1ri\u00f0 1912 og bj\u00f3 \u00e1 Hofsst\u00f6\u00f0um til \u00e1rsins 1932.&nbsp; Hann afhenti s\u00f6fnu\u00f0inum kirkjuna \u00e1ri\u00f0 1935. Vi\u00f0hald kirkjunnar vir\u00f0ist hafa veri\u00f0 nokku\u00f0 gott framan af, en um 1980 var h\u00fan farin a\u00f0 l\u00e1ta verulega \u00e1 sj\u00e1 og lj\u00f3st a\u00f0 ekki m\u00e6tti dragast miki\u00f0 lengur a\u00f0 hefja kostna\u00f0arsamar endurb\u00e6tur e\u00f0a a\u00f0 \u00f6\u00f0rum kosti a\u00f0 afleggja kirkjuna .&nbsp;<\/p>\n<p style=\"margin: 0cm 0cm 8pt; line-height: 15.6933px; font-size: 11pt; font-family: Calibri, sans-serif; color: #000000;\">\u00c1 a\u00f0alsafna\u00f0arfundi 2. apr\u00edl 1981 var n\u00fdrri s\u00f3knarnefnd fali\u00f0 a\u00f0 l\u00e1ta athuga \u00e1stand kirkjunnar og kanna m\u00f6guleika \u00e1 \u00fatvegun fj\u00e1rmagns. Ef ni\u00f0ursta\u00f0a \u00feeirrar athugunar reyndist j\u00e1kv\u00e6\u00f0, a\u00f0 mati safna\u00f0ar, yr\u00f0i hafist handa um endurb\u00e6tur hennar.<\/p>\n<p style=\"margin: 0cm 0cm 8pt; line-height: 15.6933px; font-size: 11pt; font-family: Calibri, sans-serif; color: #000000;\">Kirkjan reyndist mun ver farin en reikna\u00f0 haf\u00f0i veri\u00f0 me\u00f0 og ekki s\u00fdnt, a\u00f0 \u00fea\u00f0 fj\u00e1rmagn sem \u00feyrfti til verksins l\u00e6gi \u00e1 lausu. \u00c1 \u00feessum t\u00edma voru grei\u00f0endur s\u00f3knargjalda um 40 talsins.<\/p>\n<p style=\"margin: 0cm 0cm 8pt; line-height: 15.6933px; font-size: 11pt; font-family: Calibri, sans-serif; color: #000000;\">29. jan\u00faar 1983 barst s\u00f3knarnefndinni br\u00e9f fr\u00e1 kunnum Skagfir\u00f0ingi, Birni Egilssyni. Honum haf\u00f0i borist til eyrna a\u00f0 leggja \u00e6tti Hofsst\u00f0akirkju ni\u00f0ur vegna f\u00e1mennis \u00ed s\u00f3kninni.<\/p>\n<p style=\"margin: 0cm 0cm 8pt; line-height: 15.6933px; font-size: 11pt; font-family: Calibri, sans-serif; color: #000000;\">Br\u00e9fi\u00f0 er svohj\u00f3\u00f0andi: \u201c Hei\u00f0ra\u00f0a s\u00f3knarnefnd Hofssta\u00f0s\u00f3knar. \u00c9g undirrita\u00f0ur vil h\u00e9r me\u00f0 gefa Hofsst\u00f0akirkju 60 \u00fe\u00fasund kr\u00f3nur, \u00feessi fj\u00e1rh\u00e6\u00f0 skal notu\u00f0 til a\u00f0 endurbyggja kirkjuna og v\u00e6nti \u00e9g \u00feess a\u00f0 fyrir \u00feessum fj\u00e1rmunum veri\u00f0 unni\u00f0 \u00e1 \u00feessu \u00e1ri. Vir\u00f0ingarfyllst, Bj\u00f6rn Egilsson fr\u00e1 Sveinsst\u00f6\u00f0um\u201d.<\/p>\n<p style=\"margin: 0cm 0cm 8pt; line-height: 15.6933px; font-size: 11pt; font-family: Calibri, sans-serif; color: #000000;\">Annan febr\u00faar sama \u00e1r birtist grein eftir hann \u00ed h\u00e9ra\u00f0sfr\u00e9ttabla\u00f0inu Feyki, og ber h\u00fan yfirskriftina&nbsp; Hofssta\u00f0a Mar\u00eda. Vitnar hann \u00fear \u00ed b\u00f3k Selmu J\u00f3nsd\u00f3ttur listfr\u00e6\u00f0ings, Saga Mar\u00edumyndar, sem fjallar um uppruna og ger\u00f0 Mar\u00edumynda \u00ed Evr\u00f3pu \u00e1 12. og 13. \u00f6ld. \u00cd byrjun b\u00f3karinnar er umfj\u00f6llun um Hofssta\u00f0a Mar\u00edu sem var verndard\u00fdrlingur Hofssta\u00f0akirkju \u00ed ka\u00fe\u00f3lskum si\u00f0 og var Hofssta\u00f0akirkja eina kirkjan \u00ed&nbsp; Skagafir\u00f0i sem helgu\u00f0 var Mar\u00edu gu\u00f0sm\u00f3\u00f0ur einni n\u00e6st gu\u00f0i.<\/p>\n<p style=\"margin: 0cm 0cm 8pt; line-height: 15.6933px; font-size: 11pt; font-family: Calibri, sans-serif; color: #000000;\">\u00cd lok greinarinnar segir Bj\u00f6rn.\u201d \u00dea\u00f0 er vita\u00f0 m\u00e1l, a\u00f0 f\u00e1mennir s\u00f6fnu\u00f0ir geta ekki byggt e\u00f0a endurbyggt kirkjur nema a\u00f0sto\u00f0 komi annarssta\u00f0ar fr\u00e1. \u00c6tla Skagfir\u00f0ingar a\u00f0 horfa \u00e1 \u00fea\u00f0 a\u00f0ger\u00f0arlausir a\u00f0 Hofssta\u00f0akirkja ver\u00f0i l\u00f6g\u00f0 ni\u00f0ur. Fari svo a\u00f0 h\u00e6tt ver\u00f0i a\u00f0 syngja messur \u00e1 Hofsst\u00f6\u00f0um ver\u00f0ur broti\u00f0 bla\u00f0 \u00ed menningars\u00f6gu h\u00e9r\u00f0asins.\u201d \u00cd framhaldinu lag\u00f0i s\u00f3knarnefnd til a\u00f0 gert yr\u00f0i vi\u00f0 kirkjuna og m\u00e1 til sanns vegar f\u00e6ra a\u00f0 \u00e1skorun og fj\u00e1rframlag Bj\u00f6rns hafi r\u00e1\u00f0i\u00f0 nokkru \u00fear um.<\/p>\n<p style=\"margin: 0cm 0cm 8pt; line-height: 15.6933px; font-size: 11pt; font-family: Calibri, sans-serif; color: #000000;\">\u00c1ri\u00f0 1983 var \u00e1kve\u00f0i\u00f0 a\u00f0 steypa kjallara nokkru sunnar er kirkjan st\u00f3\u00f0 og f\u00e6ra kirkjuna s\u00ed\u00f0ar yfir \u00e1 hann. Undirb\u00faningur h\u00f3fst s\u00ed\u00f0la sama \u00e1rs. Kjallarinn var hugsa\u00f0ur sem safna\u00f0arheimili, auk \u00feess sem hann r\u00fama\u00f0i snyrtingu og geymslu. Kirkjan tekur 60 manns \u00ed s\u00e6ti og eru 30 s\u00e6ti \u00ed safna\u00f0arheimilinu.<\/p>\n<p style=\"margin: 0cm 0cm 8pt; line-height: 15.6933px; font-size: 11pt; font-family: Calibri, sans-serif; color: #000000;\">Er fari\u00f0 var a\u00f0 undirb\u00faa kirkjuna til fluttnings kom \u00ed lj\u00f3s a\u00f0 mun meiri f\u00fai var \u00ed f\u00f3tstykki og grind henna en reikna\u00f0 haf\u00f0i veri\u00f0 me\u00f0 og h\u00fasi\u00f0 ekki flutningsh\u00e6ft fyrr en vi\u00f0ger\u00f0 \u00e1 \u00feessu hluta hafi fari\u00f0 fram.<\/p>\n<p style=\"margin: 0cm 0cm 8pt; line-height: 15.6933px; font-size: 11pt; font-family: Calibri, sans-serif; color: #000000;\">Margir undru\u00f0ust a\u00f0 kirkjan hafi sta\u00f0ist \u00feau ofvi\u00f0ri sem duni\u00f0 hafa \u00e1 henni um t\u00ed\u00f0ina, en \u00ed lj\u00f3s kom&nbsp; \u00feegar ytra byr\u00f0i\u00f0 var fjarl\u00e6gt a\u00f0 bili\u00f0 \u00e1 milli uppista\u00f0a var fyllt me\u00f0 grj\u00f3ti upp undir glugga, auk \u00feess sem h\u00fan var hlekkju\u00f0 ni\u00f0ur me\u00f0 sverum ke\u00f0jum.<\/p>\n<p style=\"margin: 0cm 0cm 8pt; line-height: 15.6933px; font-size: 11pt; font-family: Calibri, sans-serif; color: #000000;\">Kirkjan var flutt yfir \u00e1 n\u00fdju undirst\u00f6\u00f0urnar 26. n\u00f3vember 1985. H\u00fan var tekin \u00ed notkun \u00e1 n\u00fd me\u00f0 h\u00e1t\u00ed\u00f0argu\u00f0\u00fej\u00f3nustu 5 ma\u00ed 1991.<\/p>\n<p style=\"margin: 0cm 0cm 8pt; line-height: 15.6933px; font-size: 11pt; font-family: Calibri, sans-serif; color: #000000;\">Hversu langan t\u00edma endurb\u00e6tur t\u00f3ku helga\u00f0ist af \u00fev\u00ed fj\u00e1rmagni sem var til r\u00e1\u00f0st\u00f6funar \u00e1r hvert.<\/p>\n<p style=\"margin: 0cm 0cm 8pt; line-height: 15.6933px; font-size: 11pt; font-family: Calibri, sans-serif; color: #000000;\">Flj\u00f3tlega kom \u00ed lj\u00f3s a\u00f0 margir&nbsp; l\u00e9tu s\u00e9r afdrif kirkjunnar var\u00f0a, \u00fear \u00e1 me\u00f0al brottfluttir \u00far s\u00f3kninni, ekki s\u00edst \u00feeir sem \u00e1ttu \u00e6ttir s\u00ednar a\u00f0 rekja til sta\u00f0arins, og studdu s\u00f6fnu\u00f0inn me\u00f0 \u00e1heitum og gj\u00f6fum \u00feau \u00e1tta \u00e1r sem&nbsp; verki\u00f0 t\u00f3k.<\/p>\n<p style=\"margin: 0cm 0cm 8pt; line-height: 15.6933px; font-size: 11pt; font-family: Calibri, sans-serif; color: #000000;\">Yfirsmi\u00f0ur verksins&nbsp; var Ingimar Bj\u00f6rnsson fr\u00e1 Framnesi.<\/p>\n<p style=\"margin: 0cm 0cm 8pt; line-height: 15.6933px; font-size: 11pt; font-family: Calibri, sans-serif; color: #000000;\">\u00cd s\u00f3knarnefnd voru:<\/p>\n<p style=\"margin: 0cm 0cm 8pt; line-height: 15.6933px; font-size: 11pt; font-family: Calibri, sans-serif; color: #000000;\">Elinborg Bessad\u00f3ttir forma\u00f0ur Hofssta\u00f0seli.<\/p>\n<p style=\"margin: 0cm 0cm 8pt; line-height: 15.6933px; font-size: 11pt; font-family: Calibri, sans-serif; color: #000000;\">Trausti Kristj\u00e1nsson&nbsp; gjaldkeri Sy\u00f0ri-Hofd\u00f6lum.<\/p>\n<p style=\"margin: 0cm 0cm 8pt; line-height: 15.6933px; font-size: 11pt; font-family: Calibri, sans-serif; color: #000000;\">Fr\u00edmann \u00deorsteinsson ritari Sy\u00f0ri-Brekkum.<\/p>\n<style>\/*! elementor - v3.6.7 - 03-07-2022 *\/<br \/>\n.elementor-widget-image-box .elementor-image-box-content{width:100%}@media (min-width:768px){.elementor-widget-image-box.elementor-position-left .elementor-image-box-wrapper,.elementor-widget-image-box.elementor-position-right .elementor-image-box-wrapper{display:-webkit-box;display:-ms-flexbox;display:flex}.elementor-widget-image-box.elementor-position-right .elementor-image-box-wrapper{text-align:right;-webkit-box-orient:horizontal;-webkit-box-direction:reverse;-ms-flex-direction:row-reverse;flex-direction:row-reverse}.elementor-widget-image-box.elementor-position-left .elementor-image-box-wrapper{text-align:left;-webkit-box-orient:horizontal;-webkit-box-direction:normal;-ms-flex-direction:row;flex-direction:row}.elementor-widget-image-box.elementor-position-top .elementor-image-box-img{margin:auto}.elementor-widget-image-box.elementor-vertical-align-top .elementor-image-box-wrapper{-webkit-box-align:start;-ms-flex-align:start;align-items:flex-start}.elementor-widget-image-box.elementor-vertical-align-middle .elementor-image-box-wrapper{-webkit-box-align:center;-ms-flex-align:center;align-items:center}.elementor-widget-image-box.elementor-vertical-align-bottom .elementor-image-box-wrapper{-webkit-box-align:end;-ms-flex-align:end;align-items:flex-end}}@media (max-width:767px){.elementor-widget-image-box .elementor-image-box-img{margin-left:auto!important;margin-right:auto!important;margin-bottom:15px}}.elementor-widget-image-box .elementor-image-box-img{display:inline-block}.elementor-widget-image-box .elementor-image-box-title a{color:inherit}.elementor-widget-image-box .elementor-image-box-wrapper{text-align:center}.elementor-widget-image-box .elementor-image-box-description{margin:0}<\/style>\n<figure><img decoding=\"async\" src=\"https:\/\/hofsstadakirkja.is\/wp-content\/plugins\/elementor\/assets\/images\/placeholder.png\" title=\"\" alt=\"\"><\/figure>\n<p>Lorem ipsum dolor sit amet, consectetur adipiscing elit. Ut elit tellus, luctus nec ullamcorper mattis, pulvinar dapibus leo.<\/p>\n","protected":false},"excerpt":{"rendered":"<p>Hofssta\u00f0akirkja A\u00f0 mestu er \u00f3kunnugt um kirkjubyggingar fyrri t\u00ed\u00f0ar \u00e1 Hofsst\u00f6\u00f0um.&nbsp; \u00c1ri\u00f0 1832 var reist \u00fear v\u00f6ndu\u00f0 timburkirkja me\u00f0 torfveggjum og torfi \u00e1 \u00feaki. H\u00fan st\u00f3\u00f0 \u00ed hringlaga kirkjugar\u00f0i og voru veggir hans hla\u00f0nir \u00far torfi. Daninn Dan\u00edel Bruun, sem fer\u00f0a\u00f0ist um \u00cdslands \u00e1 \u00e1runum 1896 \u2013 1910 vi\u00f0 rannsk\u00f3knir \u00edslenskra menningarminja kom \u00ed Hofssta\u00f0i [&hellip;]<\/p>\n","protected":false},"author":1,"featured_media":0,"parent":0,"menu_order":0,"comment_status":"closed","ping_status":"closed","template":"elementor_header_footer","meta":{"footnotes":""},"class_list":["post-8","page","type-page","status-publish","hentry"],"_links":{"self":[{"href":"https:\/\/hofsstadakirkja.is\/index.php?rest_route=\/wp\/v2\/pages\/8","targetHints":{"allow":["GET"]}}],"collection":[{"href":"https:\/\/hofsstadakirkja.is\/index.php?rest_route=\/wp\/v2\/pages"}],"about":[{"href":"https:\/\/hofsstadakirkja.is\/index.php?rest_route=\/wp\/v2\/types\/page"}],"author":[{"embeddable":true,"href":"https:\/\/hofsstadakirkja.is\/index.php?rest_route=\/wp\/v2\/users\/1"}],"replies":[{"embeddable":true,"href":"https:\/\/hofsstadakirkja.is\/index.php?rest_route=%2Fwp%2Fv2%2Fcomments&post=8"}],"version-history":[{"count":32,"href":"https:\/\/hofsstadakirkja.is\/index.php?rest_route=\/wp\/v2\/pages\/8\/revisions"}],"predecessor-version":[{"id":187,"href":"https:\/\/hofsstadakirkja.is\/index.php?rest_route=\/wp\/v2\/pages\/8\/revisions\/187"}],"wp:attachment":[{"href":"https:\/\/hofsstadakirkja.is\/index.php?rest_route=%2Fwp%2Fv2%2Fmedia&parent=8"}],"curies":[{"name":"wp","href":"https:\/\/api.w.org\/{rel}","templated":true}]}}